
-13
Calculate (1 - -8) + (91 - 99) + -8.
-7
Evaluate 83 - 85 - (6 - 10 - (-11 + -2)).
-11
What is the value of 5 + -5 + 0 + 15 + (1 - 40)?
-24
What is the value of -6 + -8 + (4 + -10 - (-21 - -1))?
0
What is the value of (12 + (-16 - -4) - 10 - -4) + 27?
21
What is 2 + 0 + (1 - (21 + -50))?
32
What is 10 - (-25 + 41) - (-15 - (-1 - -3))?
11
Evaluate 44 - ((11 - 12) + -3 - -16).
32
What is 7 + (-10 - -12) - 0?
9
1 - 25 - (16 + (19 - 26) + -7)
-26
Calculate 2 + (-11 + 0 - -2) + (2 - -5).
0
Calculate (-29 - -24) + (2 - -1).
-2
Evaluate 4 - (10 + 5 + -3 - -1).
-9
What is 2 - 2 - (-1054 + 1020)?
34
Calculate -6 + 5 + (-3 - (-12 - (5 + 4))).
17
Calculate 1 + (-8 + 8 - 3 - (-7 + 2)).
3
What is (4 - 3 - 21) + 119 + -125?
-26
Evaluate (6 + -17 - -4) + 10 - -19.
22
Calculate -1 + 1 + 9 - (-57 + 59).
7
Calculate -16 - (2 - 13) - -16.
11
-11 + -25 + 19 + -1
-18
-314 + 284 + 11 + 1
-18
Calculate -3 - ((31 - 25 - 9) + -7 + 0).
7
What is -6 - (-21 + 3) - (12 - 5)?
5
Calculate -4 + (14 - -2) + -19.
-7
What is -2 - (-19 + 12) - -13?
18
Calculate 16 + 30 + -64 - (1 - (2 - 2)).
-19
Calculate 48 - (-64 + 103) - ((-3 - -2) + -8).
18
-26 + 5 + 38 + -29 + (-8 - 1)
-21
(0 - 7) + 2 + (198 - 191)
2
What is the value of 1 + -9 + 16 + (8 - 29)?
-13
What is the value of (2 - -3) + -14 + (-42 - -14) + 8?
-29
What is -17 + (-9 - 0) + 18 - -5?
-3
Calculate -5 + 2 + (-11 + 18 - (-3 + -1)).
8
Evaluate -1 + 6 + 0 - (41 + -15 - 8).
-13
What is 3 - 4 - (3 - (-6 + (-1 - -2)))?
-9
Calculate 9 + 0 + 1 - (-16 - -25).
1
What is the value of (0 + -1 - (-19 - -32 - 13)) + 16?
15
What is the value of 1 + -5 - (3 + 1 + -1 + 2)?
-9
What is (-1 - 7) + -119 + 119?
-8
-8 + (4 + (13 - 5 - 7) - -36)
33
What is -22 - (8 - 15) - -1 - -4 - -33?
23
Calculate (-1 - 5) + (-4 - (15 + -15)) + 5.
-5
What is the value of 11 - (4 - -13 - 4)?
-2
What is the value of -2 + (-1 - 16) + 13?
-6
8 - (-16 + 37) - 9 - (-2 - 3)
-17
What is the value of (-5 - -10) + -5 + -23?
-23
What is the value of 22 - (31 + 24 + -16)?
-17
What is (12 - 25) + 0 + -2?
-15
Evaluate 5 - (-3 + 5 + -11 - (35 - 85)).
-36
-10 + 27 - 4 - (0 - (-2 - -2))
13
Calculate (18 - 26) + 1 + -1 + 1.
-7
-17 + 16 + -1 + 12 - -12
22
What is the value of (-98 - -32) + 34 - -61?
29
Evaluate -3 + (11 - 4) + -9 + -1.
-6
16 - (-9 + (-6 - -2) + 8) - -2
23
Calculate 2 - -13 - (9 + -12 + (16 - 23)).
25
What is (2 + 20 + -5 - 8) + -3?
6
What is the value of -20 + (6 + -28 - -28)?
-14
What is the value of (-5 - (-2 + 2 + -10)) + -2?
3
Calculate -2 - (2 + 0 - 3) - (16 + -12).
-5
What is the value of -9 + (-10 + 9 - -2)?
-8
What is the value of -1 + 0 - (11 + (-14 - (-6 - -7)))?
3
What is the value of -5 + (2 + -6 - 5) + 23?
9
72 + -79 + (1 + 1 - (-1 - 0))
-4
What is the value of -12 + (-10 - -5) + (-11 - -20)?
-8
What is the value of -1 + 1 + -9 + (-30 - -32)?
-7
Evaluate (-11 - 15 - -32) + -13.
-7
What is the value of 13 - 9 - (3 - 0)?
1
What is 1 - -2 - 6 - (47 - 31)?
-19
Evaluate 3 + (-2 + 10 - (-70 - -68)).
13
What is 10 - (5 + 3 + 2 + -5)?
5
What is the value of -9 + (-23 - -18) + (-1 - -14)?
-1
Calculate 7 - (2 - (6 + -25)).
-14
What is 5 - ((-6 - 0) + (14 - (-1 - 4)))?
-8
Calculate 6 - (9 + -22 + 18 - (0 - 0)).
1
8 + -13 + (6 - (25 + (2 - 10)))
-16
What is the value of (73 - 99) + (0 - -33)?
7
What is 6 + 3 + (26 - 19) + 0?
16
What is 67 + -64 - (1 + -14) - (-1 + 5)?
12
5 + -2 + -3 + -3 + 5
2
What is the value of (-7 + 5 - -3 - 5) + 22?
18
-34 + 67 + -41 - (0 - -1)
-9
What is the value of 13 + -2 - 12 - -1 - 8 - -3?
-5
What is 3 + 3 + -1 + 1 + (-47 - -47)?
6
Evaluate 22 + -32 - (-5 + 1 + -3).
-3
Calculate (10 + -23 - -2) + 6 + (-4 - -1).
-8
What is the value of (2 - (4 + -2)) + -2?
-2
Calculate (-30 - (-14 - 8)) + 0 + -1 + 10.
1
-35 + 34 + 4 + -7
-4
Calculate 33 + (-5 - -11) + -28.
11
Evaluate -40 - ((1 - 9) + -50).
18
What is (11 + -26 - 2 - -2) + -3?
-18
What is the value of (6 - (-13 + 8)) + -1 + -2 - 16?
-8
Evaluate -37 + 48 + 0 + -5 + 11.
17
Evaluate (4 + -4 + 5 - -3) + -18.
-10
What is the value of -1 + -10 + 3 + -13 + 2?
-19
8 + (-7 - 4) - 10 - -34
21
What is -9 - ((4 + 8 - 3) + -30 + 0)?
12
Evaluate (4 - (1 - 0)) + (719 - 712).
10
What is the value of -1 - (-17 + 0) - -8?
24
Evaluate 5 - (31 - (15 - (-4 + 19))).
-26
-5 + 9 + 93 + -112
-15
Calculate 9 - (-4 - (7 + -21)) - -24.
23
Calculate -32 + (0 - -1 - (-9 + -27 - -37)).
-32
What is the value of 21 - ((52 - 11) + -19)?
-1
Calculate (-8 - -4 - 5 - -6) + 2 + -12.
-13
Evaluate 159 - 147 - (0 + 3 + -2).
11
Calculate (9 - 1) + -5 + -12 + -18 + -9.
-36
Evaluate (29 - 18 - (11 - 2)) + -12.
-10
What is 3 - (-57 - (-39 + 3))?
24
What is -35 + (56 - 27 - -1)?
-5
What is -124 + 118 - (-4 + 4 + -3 - -8)?
-11
What is the value of -7 + 45 + -38 + -38?
-38
What is the value of 8 + -13 + 5 - (2 + 2 - 9)?
5
What is 16 + -45 + (-5 - -28)?
-6
9 - (1 + 7 - (-6 + -25 + 37))
7
-24 + (1 - -12) + 21
10
What is (-20 + -4 - -7) + -3 + 3?
-17
What is the value of (4 - (7 - 3)) + 4 - (0 - 5)?
9
What is (5 - -11) + -12 - 9?
-5
Evaluate 34 + -47 - (7 + -21).
1
What is -2 + (13 + 11 - ((-12 - 2) + 5))?
31
Evaluate -1 + 1 + (28 - 17).
11
What is -19 - (10 + -16) - -42 - 8?
21
Evaluate (4 - (4 - -7) - -6) + 6 + -3.
2
What is the value of 2 + 3 - 8 - (-18 + 23 - 22)?
14
Evaluate -54 - -52 - (-1 + -3).
2
-1 - (-22 - -15 - (14 - 4))
16
2 + -6 + 10 + 9 - (2 + -11)
24
What is 7 + -2 + (18 - 14 - (2 + 2))?
5
32 - 5 - (3 - -15 - 12)
21
(1 - -1) + (-92 - -95) - 10
-5
Evaluate -20 - ((-12 + -1 - -6) + -3).
-10
What is the value of -13 - (9 + (2 - (11 + 0)))?
-13
What is -5 - (5 + 6 + -29 - -6)?
7
Calculate 1 + 0 + (-2 + -17 - -30).
12
What is 25 + -17 + 14 - (1 - (6 - 1))?
26
What is 26 - (1 + 32) - 10?
-17
Evaluate 6 - (-5 - (-4 - 0 - 2) - 4).
9
(-7 - (-17 + 7)) + (2 - -8)
13
What is the value of -302 + 295 + (-1 + 2 - -3) - -3?
0
What is the value of -12 - ((13 - 46) + 24)?
-3
What is the value of -68 - ((-16 - -20) + -44)?
-28
24 - (52 - -10) - (-1 + 1)
-38
Evaluate (-10 - (-20 + 15)) + -7.
-12
-1 - 7 - (11 + 26 + -9 + -24)
-12
1 - -21 - (-311 - -327)
6
What is the value of 8 + -21 + -27 + 43?
3
Calculate -59 + 52 - (-9 + 3).
-1
Calculate -121 + 52 + 64 - (1 - 0).
-6
-16 - (-15 - (-22 + 2))
-21
What is the value of (-5 - -11 - (1 + 10) - 5) + 5?
-5
What is the value of -9 - (-11 - (-23 + 3) - -18)?
-36
What is (-36 - -16) + -2 + 11?
-11
Calculate 12 + (9 + 1 - 20) + -2 + 0.
0
What is the value of (-3 + (-1 - -7) - (6 - -1)) + 0?
-4
What is the value of 7 - (-1 - 0 - (-4 + (16 - 10)))?
10
(-3 - (0 - -1)) + 325 + -328
-7
Evaluate 6 + -25 + (-13 - -27).
-5
0 + (8 - -1) + -5 - (2 + -4)
6
Calculate 7 + -1 - (2 - (-23 - -40)).
21
(14 - (24 - 8)) + 8
6
What is the value of 562 - 563 - ((5 - (0 - 2)) + -2)?
-6
Evaluate -13 - (-3 + 17 + -4 + 53 + -62).
-14
What is the value of ((7 - 11) + -9 - 1) + -8?
-22
-4 + (-3 - -4 - (27 - 40))
10
27 + -10 + -10 - (-1 - (-16 - 0))
-8
What is the value of 1 + 22 + (49 - 77)?
-5
Evaluate 25 - (-24 + -15 + 54).
10
Calculate -1 - 2 - (-10 + -8 + 19).
-4
What is the value of (22 + -16 - 10) + -10 + -8?
-22
What is -2671 + 2688 - (-1 + 1 + 0)?
17
What is 2 + -12 - (-21 + -3)?
14
Calculate 3 - -43 - (264 - 230).
12
What is the value of -1 + (-42 - -18) + 3?
-22
What is the value of -1 + -1 - -2 - (-7 + -1 + -1)?
9
Calculate -5 + (1 - 9) + 8 + -5 + -3.
-13
Evaluate -14 + -1 - (28 - (-35 - -77)).
-1
Calculate 1 + 7 + (230 + -248 - (3 - 1)).
-12
(0 - 3) + 25 + -758 + 769
33
Calculate 0 - -28 - -1 - ((46 - -1) + -45).
27
-5 - -12 - (7 - (15 + -17))
-2
Calculate -10 + (29 - (6 - 18)) - 2.
29
What is the value of 6 + (6 - 3) + (-3 - 7) + -17?
-18
14 + -11 - (4 + 3) - -13
9
What is 5 + (4 + -1 - -4) - -9 - 8?
13
2 + (10 - 28) - 18
-34
What is -64 - (12 + -65 + 14)?
-25
What is the value of (-6 - -3) + 22 + -20 + -12?
-13
What is the value of -15 + 7 + 8 - 15 - -31?
16
-1 + (-2 - -15 - (-30 - -54))
-12
Calculate -15 - (-10 - -3 - -13 - (0 - -13)).
-8
Evaluate -10 - (12 - (-22 + 10 - -5 - -9)).
-20
Calculate (-2 + (-14 - -8) - -8) + -6 - 0.
-6
Evaluate 21 - (42 - (34 + 0)).
13
What is the value of 8 + (-31 - (13 + -19))?
-17
2 - (-6 + 3 - (-9 + -10)) - -6
-8
(-1 + 17 - 0) + (22 - (-26 - -55))
9
Calculate 3 + -12 - (-3 - (-17 - 3)).
-26
Calculate (0 - 11 - -11 - -5) + -14 + -1.
-10
Calculate (16 - 9) + 10 + -1 + -